3)?
2
What is 3 + -9 + 7 + -6?
-5
What is 3 - (1 - -1) - (-1 + -1)?
3
What is the value of 6 + (-5 - (-2 - 1))?
4
What is the value of -4 - (2 + -2) - -3?
-1
What is 2 + -1 + 3 + (2 - 1)?
5
Calculate -5 + 4 + (5 - 7).
-3
What is the value of -2 + (0 - (-14 + 9))?
3
-1 + (9 - 7) + (-5 - -2)
-2
Evaluate -103 - -95 - (-14 + 1).
5
What is the value of -3 - (-1 - 4 - (7 + -5))?
4
Calculate -2 - (-5 + 6 - 3 - 5).
5
Evaluate -3 + 12 - 4 - (-7 - -6).
6
What is the value of 1 + -4 - -7 - 9?
-5
Calculate (2 - 5) + (0 - 0) + 7.
4
What is the value of 1 + 1 + (-81 - -73)?
-6
-7 - (-3 + 1 + -2)
-3
4 + (7 - -5) + -6 + -1
9
-1 + (-3 - -13) - 13
-4
Evaluate -2 - (2 + -9 + 1).
4
What is the value of 0 + (-13 - (4 + -4 + -6))?
-7
What is the value of 3 + 3 + -4 - (-3 - -1)?
4
8 - 22 - -6 - -4
-4
What is the value of -1 + 2 - 1 - (-42 - -44)?
-2
Evaluate -2 - -1 - ((3 - 4) + -3).
3
Calculate -6 - ((2 - 0) + -3).
-5
What is the value of -9 + 1 + (-8 - (-15 + 5))?
-6
Evaluate -8 - (0 - 2 - 1).
-5
11 + -9 + (-9 - -2)
-5
What is the value of -9 + 3 + -2 + 2?
-6
Evaluate -7 - -3 - 0 - -8.
4
Evaluate 7 + -13 + 10 - (2 - -2).
0
Evaluate 1 + 2 - (-6 - (-4 - 4)).
1
Evaluate 2 - 3 - (-2 + (0 - -5)).
-4
10 + (11 - 8 - 10)
3
What is 26 + -27 - (4 - 0)?
-5
6 + -5 + 2 + 2
5
What is the value of (-37 + 32 - (-5 + -1)) + -4?
-3
Evaluate -1 + (2 - 2) + 3.
2
Calculate 0 + 3 + (19 - 22).
0
What is the value of -6 - -12 - (4 + -3)?
5
Calculate -1 + (7 - -2) - (-1 + 2).
7
Calculate -4 - (-5 + 1 + -1 - 3).
4
Evaluate -4 + -5 + 3 + 3.
-3
Calculate -5 - (2 + -10 - -5) - -2.
0
What is the value of 4 + -12 - (-5 + 1 + -5)?
1
What is the value of (-12 - (-4 - 3)) + 11 - 2?
4
-5 + 11 + -8 - 0 - 6
-8
9 + (-9 - -3) + 7
10
2 - (-1 - (1 - 2))
2
Evaluate 8 + 5 - ((5 - 6) + 6).
8
22 + (-5 - 4) - 6
7
Calculate (0 - (1 + 3)) + (291 - 287).
0
What is the value of 0 + 7 + -4 + (0 - 0)?
3
0 + -4 + 3 + 0
-1
What is 1 + (-1 - 8) + 5 + 7?
4
Evaluate (-7 - -2) + 3 - -5.
3
What is the value of 4 + 2 - 2 - 3 - 4?
-3
What is the value of (-4 + 6 + -3 - 0) + 4?
3
What is 2 + -5 + 2 + -1?
-2
What is 3 + 0 + -4 + -1 - 1?
-3
-1 + 3 - (0 + 3 - 0)
-1
Calculate (-2 + 2 - -1) + -42 + 42.
1
Evaluate -6 + 1 - -14 - 8 - -2.
3
Calculate 0 + -11 + 5 - -5.
-1
0 - (-3 - (2 + 3 + -3))
5
Evaluate -10 - (-8 + -14 + 14).
-2
What is the value of 3 - (0 - -1) - (0 - 0)?
2
What is the value of 6 + (8 - 1 - 7)?
6
(2 - -1) + (0 - -13 - 9)
7
Calculate (1 + 7 - 1) + -2 + 3.
8
What is 2 + -3 - 0 - (7 - 4)?
-4
Evaluate (-4 - (1 - 0)) + 0.
-5
Calculate (-18 - -22) + 0 + 1.
5
What is the value of -27 + 27 + (-2 - -3)?
1
What is (-5 - -14) + -2 - 4?
3
-11 + 4 + -1 + 3
-5
Calculate -12 + -2 - -15 - (1 + -7).
7
(10 - 3) + 3 + -4 + -4
2
1 + -2 + 4 + -6
-3
Evaluate 2 + (1 - 11) + 10.
2
What is 7 - (11 - -4 - 4)?
-4
What is (0 - -4 - 0) + -4 + 4?
4
Calculate 3 + -7 + (6 - 5).
-3
What is 0 + 1 - (-31 - -26)?
6
Evaluate (1 - (0 - 4)) + 0.
5
What is -1 - -4 - 0 - (4 - 2)?
1
Evaluate 5 - (4 - -5) - 0.
-4
Calculate (2 + -2 - 6) + 4 + -6.
-8
Calculate (-1 - 6) + -3 + 10 + -5.
-5
What is -1 + 2 + 1 + 1 + -8?
-5
Evaluate -1 + (2 - 2) - (0 - -3).
-4
Evaluate -2 + 5 + -5 + 4 + 2.
4
1 + 0 + 2 + -1 + -6
-4
What is the value of -1 - 0 - 2 - (-9 + 6)?
0
Evaluate 4 - 2 - 2 - -2.
2
-5 - -1 - ((1 - 1) + 0)
-4
What is (0 + -3 - -6 - 0) + -1?
2
(5 + 2 - 4 - 0) + -11
-8
What is -45 - -46 - (4 - 2)?
-1
What is the value of 0 - 1 - (-3 - (5 - 9))?
-2
Calculate 2 - ((-3 - -8) + 2).
-5
What is the value of -3 - (8 - (6 - 1)) - 1?
-7
Calculate (-1 - (-1 - 4)) + 1.
5
Evaluate (-3 - -5 - 10) + 4.
-4
What is (-1 + 1 - 1 - -3) + 3?
5
Calculate (-4 - 0) + (64 - 62).
-2
-4 + (-6 - -10 - (1 + 3))
-4
Calculate -5 + -1 + (-13 - -17) + 1.
-1
What is the value of -9 + 8 + 15 + -18?
-4
Calculate (1 - -4) + -8 - (0 + 1).
-4
What is -8 + 6 + 10 + -1 + -6?
1
What is -1 + 6 + 9 + -17?
-3
What is the value of 4 - (8 + -9 + 1)?
4
-1 + (1 - (5 + -2))
-3
Calculate (8 - -2 - 1) + -16.
-7
(3 - (13 + -12)) + -12
-10
Calculate (-80 - -76) + 2 + 2.
0
What is (-3 - (-1 + (4 - 7))) + -3?
-2
Evaluate -4 + -13 + 13 + -1.
-5
What is the value of 0 + 5 - 17 - -11?
-1
-1 - (4 + 5 + (-5 - -2))
-7
(7 - 20) + 5 + 10
2
3 + -2 - -3 - (-2 - -5)
1
What is the value of -3 + 10 + (4 - (-3 + 13))?
1
Calculate -1 + 2 + (-22 - -22).
1
Calculate -3 - (2 + -8 - (10 + -13)).
0
What is 0 - (-2 - (-12 + 5))?
-5
Evaluate (5 - (5 - -1 - -2)) + -2.
-5
Evaluate 1 + 4 + -4 + -6.
-5
Evaluate 0 + -5 + (2 - 1).
-4
What is 2 - (2 + (-12 - -6) - -4)?
2
Evaluate 7 + 0 - (-59 - -65).
1
What is the value of (-1 - -2) + (-4 - -5) + -4?
-2
Evaluate -4 + 2 + 4 - 0 - 1.
1
What is the value of 3 + -2 + -2 - -1?
0
Evaluate -7 + (4 - -3 - 5).
-5
What is the value of 0 + -5 - (-2 + 1) - -4?
0
What is the value of (-8 - (-7 + 1)) + -1 + 3?
0
What is -1 - 1 - (1 - (1 - 0))?
-2
Calculate 22 + -23 - (1 - 0).
-2
Evaluate (-4 - 1) + 3 + 2.
0
What is (5 - -2) + -6 - 2?
-1
Evaluate -21 - -7 - (-13 - 2).
1
Calculate -4 + (1 - (8 + -6)).
-5
Calculate 9 + -2 + 1 - (-13 + 17).
4
What is the value of 6 - (-3 - (-5 - (3 + 3)))?
-2
Evaluate 1 + (3 - -1) - 12 - 1.
-8
Evaluate -5 + 2 - -6 - -6 - 1.
8
Evaluate -7 - (-5 + 1 - 2 - 1).
0
-2 + (10 - 11) + 10
7
(10 - ((-4 - -7) + 3)) + -6
-2
-4 - (-1 - 4) - 3
-2
-1 + 4 - 0 - -2
5
What is the value of -2 - (-3 + 4) - (2 + -2)?
-3
What is -2 - (3 - (5 - 3)) - -3?
0
Evaluate -2 + (-2 - -2) + 2 + -1.
-1
What is 9 + (2 - 0) + -7?
4
9 + (-7 - 4) + (2 - -2)
2
What is 4 + -3 + 0 - (0 + -3)?
4
Calculate (0 - -1) + -5 + (841 - 835).
2
(-4 - -2) + 1 - 4
-5
What is the value of 12 - (23 - 7) - -2?
-2
What is the value of (4 + -19 - -8) + 4?
-3
What is the value of 1 + 1 + -2 + 1 + 0?
1
(11 - 9) + 2 - (0 + -1)
5
Evaluate 6 + 2 + -2 - (-18 - -25).
-1
What is the value of (-1 - -2) + 3 + (-10 - -5)?
-1
(-2 - (7 + -4 - 6)) + -5
-4
What is 1 + 3 + -5 + -2 + 1?
-2
What is the value of 4 + -1 - (2 - (3 - -1))?
5
What is 1 - (0 - (3 - 2))?
2
Evaluate (2 - 1) + 1 + (-13 - -7).
-4
Calculate -1 - (0 + 0 - (4 - 4)).
-1
Evaluate (-6 - (7 + -3)) + 5.
-5
0 + (-1 - 2 - -1) + 2
0
What is (0 - 4) + 1 + 2 + -3?
-4
What is -7 - -3 - (-2 - 3)?
1
Evaluate (1 - (0 + 3)) + 4.
2
Evaluate 1 + 0 + -1 - 4 - 1.
-5
Calculate -5 + 1 + -1 - -5.
0
-6 - -11 - (-1 - 0) - 4
2
Evaluate 4 + (0 - 4) + -1.
-1
Evaluate -1 + 2 + (11 - 14).
-2
4 + -16 + 4 + 4
-4
(2 - (-2 + 2)) + 7 + -11
-2
What is the value of 1 - -1 - 4 - (-2 + 7)?
-7
What is the value of 3 + 0 + (-4 - (4 - 10))?
5
What is -1 + 4 + -2 - 3?
-2
5 + (-4 - (1 - 4))
4
What is the value of 5 + (-8 - -8) + -7?
-2
What is -4 - (-1 - 8 - (-3 + 0))?
2
Evaluate -5 + 2 - (1 + -3) - 4.
-5
Evaluate 3 + -6 + 5 - -3 - -1.
6
What is the value of -13 + 0 + 11 + (3 - 8)?
-7
What is the value of -2 - (7 - 16 - -10)?
-3
Evaluate 3 + (-5 - (-6 - 2)).
6
What is (4 + 1 - -1) + -3?
3
Calculate (-13 - -4) + 4 + 7 + -9.
-7
(3 - 16 - -7) + 10
4
Calculate 0 + -2 - (5 + -2).
-5
Calculate (79 - 71) + -1 + -11.
-4
10 + -6 + 0 - (7 + -5)
2
5 - 9 - (-5 + 4 + -2)
-1
-8 + (9 + 1 - 7)
-5
What is 3 + (-2 - (2 + 1))?
-2
Calculate -5 + (-2 + 4 - -2) - -6.
5
What is -122 + 124 + (0 - (3 + -1))?
0
What is (-4 - -1) + (48 - 44)?
1
What is -11 + -11 + 23 + 0?
1
What is the value of 3 + (3 - (5 + 1))?
0
Calculate 5 - 4 - (-2 + -1).
4
Evaluate -4 - (2 - 3) - (2 - 3).
-2
Evaluate -8 - (0 + -4) - -1.
-3
What is the value of (-1 - 0) + (-17 - -16)?
-2
What is the value of -22 + 19 - (-1 - -1)?
-3
What is 12 + (-4 - (14 - 5))?
-1
What is the value of 1 + -9 + 4 + 1?
-3
What is -7 + 1 + 1 + 1?
-4
Calculate 1 + -1 + (2 - (-1 + -2)).
5
What is 7 - -2 - (4 - -4 - 3)?
4
Evaluate -6 + 4 + -3 + 4.
-1
What is 10 - 5 - (6 + 3)?
-4
What is -6 - (1 - -4) - -6?
-5
What is 8 - (0 - -2 - (-1 + 0))?
5
What is the value of (4 - (-2 - -8)) + -2?
-4
Calculate (10 - 1) + -7 + 6.
8
Evaluate 0 + -9 + 28 + -24 + 7.
2
-6 + 2 - (3 + -11)
4
What is 3 - ((3 - 3) + -2)?
5
What is the value of -5 - (5 - (7 + -1))?
-4
3 - (0 + 1 - (4 - 5))
1
Evaluate 0 - (-1 - -2 - (-4 - 0)).
-5
Evaluate (3 + -6 - 1) + 10.
6
Evaluate -1 - (9 - (2 + -1)).
-9
Evaluate -7 - 2 - (8 + -9) - 2.
-10
Evaluate -5 - (4 + -8) - -2.
1
5 + (-3 - -9 - -1) + -16
-4
What is -7 + (-1 - -5 - -3) + 8?
8
Evaluate 1 - -6 - (-10 + -25 + 31).
11
9 - (-5 + 5 - -5)
4
Calculate -4 - (8 + 3 + -16).
1
What is t